2*j - 33. Let m be (5 + (-72)/10)*(-5 - 0). What are the prime factors of t(m)?
11, 19
Suppose -9936 - 8112 = -8*d. What are the prime factors of d?
2, 3, 47
Suppose j = -0*j + 4. Let x(o) = -o + 4. Let t be x(j). Suppose 5*y = 4*u + 1 - 74, t = -4*y - 4. List the prime factors of u.
17
Let h be -198*(1 + (-18)/4 + 3). Suppose 0 = 2*l + 4*o - 88, -h = -5*l + 2*o + 181. What are the prime factors of l?
2, 3
Let a(o) = 2*o - 5. Let y be a(0). Let d = y - -9. What are the prime factors of (-2)/(((-1)/d)/1)?
2
Let t be (1 - (-4)/(-8))*254. What are the prime factors of t + 6/(-3) + -4?
11
Let f be (-2414)/(-26) + (-1 - (-45)/39). Suppose 4*n - 163 = p + f, -n = -5*p - 64. List the prime factors of n.
2
Suppose 13*l + 5*t = 10*l + 16395, l = -2*t + 5465. List the prime factors of l.
5, 1093
Suppose -4*k + 2*i = -1614, k = -4*i + 295 + 86. What are the prime factors of k?
401
What are the prime factors of -8 + 3063 + 0 + (3 - 0)?
2, 11, 139
Suppose 0 = -4*w + p + 3*p + 2080, 2*w - 1055 = -p. What are the prime factors of w?
3, 5, 7
Suppose 0 = 4*p + p + 5*s - 20, -p = -4*s - 4. Suppose -v + p = v. List the prime factors of (-108)/8*v/(-3).
3
Let o(s) = s**3 + 52*s**2 - 15*s + 163. List the prime factors of o(-51).
3529
Let a(m) be the first derivative of -m**4/4 - m**3/3 + 3*m**2/2 + 52*m - 16. What are the prime factors of a(0)?
2, 13
Suppose 7*t + 4*t = 36201. List the prime factors of t.
3, 1097
Let r(x) = -25*x**2 - 6*x**3 + x + 29*x**2 + x**3 - 5*x**3 - 4. List the prime factors of r(-2).
2, 3, 5
Let z = 400 - 86. What are the prime factors of z?
2, 157
Let l = 950 + -853. List the prime factors of l.
97
Let q = -4 + 9. Suppose -q*d - 16 = m, 4*m + 2 = 2*d + 4. What are the prime factors of (-1316)/(-16) - m/(-4)?
2, 41
Let w(f) = -33*f + 18. Let r(t) = -11*t + 6. Let p(y) = -11*r(y) + 4*w(y). What are the prime factors of p(-2)?
2, 7
Suppose -3*j - 221 = -w, -3*j = 52*w - 47*w - 1195. List the prime factors of w.
2, 59
What are the prime factors of (437 - -11 - 4)/((-4)/(-18))?
2, 3, 37
Suppose h - 14*u + 9*u = 3357, h - 3369 = u. List the prime factors of h.
2, 3, 281
Suppose 0 = -2*c + 5*r + 153, 2*r - 114 = -c - 24. Suppose -c = 4*f - 5*f. Let o = f + -43. List the prime factors of o.
41
Let j(a) = 16*a**3 + 2*a**2 - a + 2. Let v(w) = w - 4. Let r be v(6). Let k be j(r). Suppose 3*l + 2*o = 182, -2*l - 28 = -2*o - k. List the prime factors of l.
2, 29
Let a = 421 + 253. What are the prime factors of a?
2, 337
Let v be (-4)/(14/(-6) + 1). Suppose 0 = -4*s - 5*c + 42, 0 = -2*s + v*c - 1 + 11. What are the prime factors of (s/(-16))/(2/(-8))?
2
Let l(p) = 4*p - 17. Suppose 5*t + 9 = 79. Suppose 0 = -a + 3*a - t. List the prime factors of l(a).
11
Suppose -10*x + 15616 = -16234. List the prime factors of x.
5, 7, 13
Suppose -5*f + 5660 - 1315 = -4*s, 3*f - 2610 = 3*s. What are the prime factors of f?
5, 173
Suppose 18*a - 10669 = 3857. List the prime factors of a.
3, 269
Suppose -24*f + 23*f = -602. What are the prime factors of f?
2, 7, 43
Suppose 24*k - 13287 = -3255. What are the prime factors of k?
2, 11, 19
Let q(k) = 44*k - 144. What are the prime factors of q(38)?
2, 191
What are the prime factors of 1/(9/8475) - (-24)/(-36)?
941
Let r(x) = -2*x + 26. Let t be r(12). Suppose 3*c - 10 = -f, -3*c - 5*f + 9 + 5 = 0. Suppose t*s - 84 = 5*a, -s - 76 = -c*s + a. List the prime factors of s.
37
Let u = -12 + 253. What are the prime factors of u?
241
Suppose -16*l + 36*l = 15180. What are the prime factors of l?
3, 11, 23
Let b(o) = 5*o**3 + 5. Let g be b(4). Let w = g - 506. Let c = w - -257. List the prime factors of c.
2, 19
List the prime factors of (-5)/20*4*-4579.
19, 241
Let c be ((-8)/10)/(4/(-2460)). Suppose 8*b = 4*b + c. What are the prime factors of b?
3, 41
Let z = -41 + 25. Let t(i) = 6*i**2 - i - 1. Let l be t(-1). Let r = l - z. List the prime factors of r.
2, 11
Let y(l) be the second derivative of -3*l**3/2 - 13*l**2/2 - 3*l. Let r be y(-10). Let v = r - 31. What are the prime factors of v?
2, 23
List the prime factors of -340*(6 - (10 + -3)).
2, 5, 17
What are the prime factors of 2 + (-24906)/63*9/(-6)?
5, 7, 17
Let w = 5 - -7. Let l(o) = 17*o - 17*o - 17 - o**2 + 15*o. What are the prime factors of l(w)?
19
Suppose -q + 149 + 131 = 0. Suppose q = -0*g + 5*g. What are the prime factors of g?
2, 7
Suppose -8*i + 1235 - 11 = 0. What are the prime factors of i?
3, 17
Let a(g) = -g**2 - 8*g - 9. Let q be a(-6). Suppose -1 = -q*r - 7. What are the prime factors of (3/r)/(2/(-24))?
2, 3
Suppose 0 = -21*p + 38466 - 15471. What are the prime factors of p?
3, 5, 73
Suppose 4*n - 247 = -2*b - 3*b, -145 = -3*b - 4*n. Let s = b + -21. List the prime factors of s.
2, 3, 5
What are the prime factors of (-2)/18 - 350727/(-459)?
2, 191
Let t be (0/1)/(3 - 0). Suppose t = -3*j + 484 - 202. List the prime factors of j.
2, 47
Suppose 7*y = 2*y + n + 2807, 5*n - 1673 = -3*y. What are the prime factors of y?
3, 11, 17
Let y(o) = 17*o - 13. Let n be y(-11). Let t = n + 41. What are the prime factors of t/(-2)*(-14)/(-21)?
53
Let j = 21 + -17. Suppose 5*r - 182 = -j*l, 2*r = -3*l - 3*r + 139. List the prime factors of l.
43
Suppose 1294 = 17*m - 2667. What are the prime factors of m?
233
List the prime factors of (-511)/28*(-16)/2.
2, 73
Let t = -1427 + 1478. List the prime factors of t.
3, 17
Suppose 0*w - w = 0. Suppose w = b + b - 250. Suppose b = 5*o + 5*n, 5*o + 3*n = 2*n + 125. List the prime factors of o.
5
Let l be ((-8)/6)/(-3 - (-24)/9). Suppose -2*b - l*n + 171 = -n, 4*b = 4*n + 392. List the prime factors of b.
3, 31
Let j be 2/3 - 9915/(-45). Let n = 375 - j. What are the prime factors of n?
2, 7, 11
Let z = 237 - 179. What are the prime factors of z?
2, 29
Let r be 8/(-2 + 0) + 2. Let y(j) be the second derivative of 7*j**4/12 - j**3/2 - 3*j**2/2 - 16*j. What are the prime factors of y(r)?
31
Suppose -7*i + 5779 = -857. What are the prime factors of i?
2, 3, 79
List the prime factors of 5*(1 + -2) + (-29 - -1850).
2, 227
Let w = 18 + -14. Suppose 531 = w*z + 91. List the prime factors of z.
2, 5, 11
Let m = -64 - -72. Suppose 2*f - 4 - 4 = 0. Suppose 0 = 4*s + m, -t + 103 = 4*t - f*s. What are the prime factors of t?
19
Let w(k) be the first derivative of k**6/72 - 7*k**5/60 + k**4/24 + 2*k**3/3 - 3. Let m(g) be the third derivative of w(g). List the prime factors of m(4).
5
Let v(p) = -8*p**3 - p**2 - 6*p - 10. List the prime factors of v(-5).
5, 199
Let p(m) = -12*m - 6. Let u be (-1 - 0)/((-11)/(-77)). What are the prime factors of p(u)?
2, 3, 13
Suppose -w - 2234 = 5*s, -6*w - s = -8*w - 4512. List the prime factors of (w/(-21) - 2) + (-1)/3.
3, 5, 7
Suppose -3*b + 129 = -87. Let z(o) = -o**2 - 8*o - 5. Let y be z(-7). Suppose -t + b = y*t. What are the prime factors of t?
2, 3
Let j = 0 + 2. Let n(x) = -1 + 0*x + 2*x + j*x + 6. What are the prime factors of n(3)?
17
Let h(q) = q**3 - 24*q**2 - 52*q + 15. List the prime factors of h(26).
3, 5
Suppose 0 = -6*s - 14 - 4. What are the prime factors of 22/(-6) + (-2)/s - -12?
3
Suppose 2*k = 3*g + 6*k - 179, 2*g + 2*k = 118. Let a = -97 - -56. Let x = g + a. List the prime factors of x.
2
Let t = -76 - -19. Let c = t + 76. List the prime factors of c.
19
Suppose -12*s + 19684 = -2096. List the prime factors of s.
3, 5, 11
Let r be 57 - 20/(-8)*16/20. Suppose -5*c = -r - 111. List the prime factors of c.
2, 17
Let x be (-7 - -2 - -5)*1. Suppose x = -c - 5, -2*l + 608 = l - c. List the prime factors of l.
3, 67
Let m(b) = -b**2 + 10*b - 5. Let t be m(9). Suppose -t*f + 3*f - 5 = 0, -3*f + 20 = 5*d. What are the prime factors of d?
7
Suppose 0 = 5*d + 10, -d + 3 = 3*f - 4. Suppose 3*g - 47 = -f*p + 13, 3*p = 15. List the prime factors of g.
3, 5
Suppose 0 = 5*s + 2*n - 14355, 0 = -2*s - 4*n + 7*n + 5742. What are the prime factors of s?
3, 11, 29
Suppose 1086 = 5*b + 4*f, b - f - 144 = 66. What are the prime factors of b?
2, 107
Let i(q) = -16*q + 1. Suppose 4*s = -s + 50. Let y = s - 11. List the prime factors of i(y).
17
Let q be 1 - ((-1)/(-2) - (-36)/(-24)). Let j be (-18)/(-2 - 48/(-26)). Suppose -q*g - g = -j. List the prime factors of g.
3, 13
Let h(l) = 17*l + 5. Let f be h(1). Suppose -26*z = -f*z - 276. What are the prime factors of z?
3, 23
What are the prime factors of 2